ime factors of u?
2
Let m(s) = -4*s + 3. Let x = 0 + -1. Let o be (4 + -3)/x - 2. List the prime factors of m(o).
3, 5
Let r(m) = m**2 + m + 6. List the prime factors of r(-7).
2, 3
Suppose -4*v + v - 3 = 0. What are the prime factors of 2 - (3 + -2) - v?
2
List the prime factors of (-4)/22 - 24/(-132) - -87.
3, 29
List the prime factors of (-1610)/25*3/((-6)/10).
2, 7, 23
Suppose 5*q - 36 = 4*y + 90, -80 = -3*q - 2*y. Suppose -2*g + c + 46 = -q, -3*g = -4*c - 118. List the prime factors of g.
2, 17
Let f(v) = -4*v - 10. Suppose 2*b = 2*a + 18, 4*b - 1 - 19 = 2*a. List the prime factors of f(a).
2, 11
Suppose 5*f + 14 = -2*f. Let j be (-12)/3*1/(-2). What are the prime factors of j + (-1 - f) + 13?
2
Suppose q - 4*q + 15 = 0. Let p = q + -3. What are the prime factors of 3/(-1 - -4) + p?
3
Let f(h) = 7*h + 1. List the prime factors of f(6).
43
Suppose 3*i - 27 = -2*f, -5*f = 2*i - 0*f - 29. Suppose 0*w - 5*w = 2*s - 4, -5*s = -2*w + 19. Let c = w + i. List the prime factors of c.
3
Suppose 0 = -5*w + l + 137, l + 116 = 4*w - 3*l. List the prime factors of w.
3
Suppose 1 = 3*z - 8, 14 = f + 4*z. Suppose 0 = -3*t + 3*a + a + 82, -4*t = -f*a - 116. List the prime factors of t.
2, 3, 5
Let n(r) = -2*r. Let l be n(-1). Let y = l + -3. What are the prime factors of 6*(-2)/(y + -1)?
2, 3
Let o be 297/(-18)*(-4)/(-1). Let i = o + 96. What are the prime factors of i?
2, 3, 5
Let l be 6/33 - 832/(-22). Suppose l = 2*g - 0*g. List the prime factors of g.
19
What are the prime factors of 6/72*-9 + (-390)/(-8)?
2, 3
Let a = 11 - 11. Let f = 5 - a. List the prime factors of f.
5
Let t(s) = 5*s + 29. What are the prime factors of t(-4)?
3
List the prime factors of 278/6 - (-10)/15.
47
Let p be 7 + -5 - (0 - -2). Suppose p*a = 5*a + c - 145, -3*c = -5*a + 125. Suppose -2*l = 4*q - a, -l - q - 2*q = -16. List the prime factors of l.
2, 5
Let z(h) = -h + 1. Let r be z(4). Let x = -9 - r. What are the prime factors of -5 - x/2 - -7?
5
Let m(p) = 14*p**3 - p**2 - 2*p - 1. Let l be m(-1). Let k = l - -23. What are the prime factors of k?
3
What are the prime factors of 3/(1 - 38/44)?
2, 11
Let t = 1 + 4. Suppose 3 + t = 4*l. What are the prime factors of l/((-48)/(-22) + -2)?
11
Let u = 190 - 98. What are the prime factors of u?
2, 23
Let p(n) = 62*n. Let s be p(2). Suppose 3*i - s = -19. Suppose 2*x + 3*x = -t + i, -3*t + 21 = x. List the prime factors of x.
2, 3
Suppose -3*p = -13 - 32. List the prime factors of p.
3, 5
Let r be ((-8)/(-6))/((-44)/(-99)). Suppose 89 = r*u - 4. List the prime factors of u.
31
Let s(f) = 11*f**2 + 3*f - 5. List the prime factors of s(-4).
3, 53
Suppose 0 = 2*q + 4*y + 10, -5*q + 20 = 3*y - 2*y. What are the prime factors of q?
5
Let x(w) = 17*w**2 + 4*w + 1. List the prime factors of x(-1).
2, 7
Let l be 2/6*(3 + 9). Suppose 3*n - b = -5*b + 29, -4*n + 20 = -l*b. What are the prime factors of n?
7
Let f(n) be the third derivative of -17*n**6/120 - n**4/24 - 4*n**2. List the prime factors of f(-1).
2, 3
Let k = -2 + 0. Let g be (-4)/((-8)/14) + k. Suppose g*c = 2*c + 6. List the prime factors of c.
2
Let u be ((-2)/(-2))/(1/(-10)). Let s = -7 - u. Let c = s - 0. What are the prime factors of c?
3
Let v = 2 + 2. Let k = 0 + v. Suppose 13 = -k*f + 37. List the prime factors of f.
2, 3
Let z(v) = -4*v + 2. Let m = -1 + 0. List the prime factors of z(m).
2, 3
Let m = 31 - -80. List the prime factors of m.
3, 37
Suppose 0 = 3*h - 136 - 5. List the prime factors of h.
47
Let v be (337/2)/((-1)/(-2)). Suppose 0 = -4*y + v - 97. Suppose 2*q + 3*q = y. What are the prime factors of q?
2, 3
What are the prime factors of (1356/30)/((-2)/(-10))?
2, 113
Let s(o) = -o**3 + 9. Suppose 3*z + 14 + 0 = -4*b, 0 = -2*b - 10. Let k = 2 - z. List the prime factors of s(k).
3
List the prime factors of (-198)/(-4) + 5 + 63/(-14).
2, 5
Let b(z) = z + 122. List the prime factors of b(0).
2, 61
Suppose 33 = 4*w - 0*w + 5*c, -10 = -2*c. Suppose w*y - 5*v = 27, 0 = -2*y - 2*v + 12 + 22. What are the prime factors of y?
2
Let b = 11 - 6. Let n = -12 - -21. Let l = b + n. List the prime factors of l.
2, 7
Let r be 4/14 - (-12)/7. Suppose -1 = -o - r*v, -2*o - o - v + 8 = 0. List the prime factors of o.
3
Suppose -608 = -3*c - k + 144, -4*k - 772 = -3*c. What are the prime factors of c?
2, 3, 7
Let x be 6/21*(1 + 6). Suppose -x*n - s + 36 = 0, -3*n - 10 + 73 = -3*s. What are the prime factors of n?
19
Let s(l) = -l**2 - 10*l - 1. Let h(a) = a + 2. Let z be h(2). Suppose 30 + 2 = -z*c. What are the prime factors of s(c)?
3, 5
Suppose 0 = -2*w + 3*r - 18, -w + r = -3*r + 19. Let y = w + 18. List the prime factors of y.
3, 5
Suppose -5*c = h - 317, -250 = -3*c - c + h. List the prime factors of c.
3, 7
Suppose -5*s = 3*z - 29, -4*z + 24 = -4*s - 4. Suppose z = 3*x + 2. List the prime factors of x.
2
Suppose 0 = 5*d - d - 264. What are the prime factors of d?
2, 3, 11
Suppose 2*g + 7 = -3. Let c = -8 - g. Let t(u) = -4*u - 1. List the prime factors of t(c).
11
Let v = 80 - 57. Let h = v - 6. List the prime factors of h.
17
Let c = -2 + 7. List the prime factors of -6*3/(-6) + c.
2
Let s = 11 + -15. Let j be 7/2 - 2/s. Suppose -j*d - 7*t = -3*t - 16, -3*t + 28 = 5*d. What are the prime factors of d?
2
Let k = -4 - 2. Let p = k - -16. Suppose 18 = 4*x - p. List the prime factors of x.
7
Let m = 125 + -54. What are the prime factors of m?
71
Suppose 0 = -3*f - 26 + 623. List the prime factors of f.
199
Let h(p) = 7*p**2 + 7*p - 10. Let c(t) = 20*t**2 + 21*t - 29. Let i(x) = -6*c(x) + 17*h(x). Let w be ((-7)/(-2))/((-12)/24). List the prime factors of i(w).
2
Suppose -4*y = -4*i - 300, 3*y - 115 - 122 = -i. What are the prime factors of y?
2, 3, 13
Suppose -5*r - 2*f = -125, 4*r = r - 5*f + 56. List the prime factors of r.
3
Let w(j) = -6*j**3 + 2*j. Let f(y) = -13*y**3 - y**2 + 4*y + 1. Let t(k) = 2*f(k) - 5*w(k). What are the prime factors of t(2)?
2, 11
Let q(j) = -2*j**3 + 13*j**2 + 7*j + 6. Let c(a) = -a**3 + 7*a**2 + 4*a + 3. Let l(b) = -5*c(b) + 3*q(b). List the prime factors of l(4).
7
Let q = -6 + 7. Let b be (q - 3) + 3 - -64. Suppose h + 4*h - b = 0. What are the prime factors of h?
13
What are the prime factors of 5/(-30) - ((-676)/24 + -1)?
29
Suppose -2*y - 16 = -y. Let k = 31 + y. What are the prime factors of k?
3, 5
Let w(c) = -2*c - 6. Let a = -1 - -3. Suppose 2*v = -a - 8. List the prime factors of w(v).
2
Let y(p) = p**2 - 16*p + 24. What are the prime factors of y(15)?
3
Suppose -4*h = h - 25. Let n(b) = b + 3. Let f be n(-3). Suppose f = -p + h + 2. What are the prime factors of p?
7
Let g(d) = d**2 + 2*d - 1. Let c(f) = -2*f**2 - 4*f + 2. Let k(s) = -6*c(s) - 11*g(s). What are the prime factors of k(-5)?
2, 7
Let j(t) = 28*t**2 - t - 1. List the prime factors of j(1).
2, 13
What are the prime factors of ((-28)/3)/((-2)/6)?
2, 7
Suppose -20 = -s + 14. What are the prime factors of s?
2, 17
Let v = -8 - -13. What are the prime factors of v?
5
Let c(t) = t**2 + 19*t + 48. List the prime factors of c(-21).
2, 3, 5
Suppose 0 = -2*l + 17 + 9. What are the prime factors of l?
13
Let a(o) = 3*o**2 + 2*o - 2. Let n = -1 + -2. List the prime factors of a(n).
19
Let v(h) = 0*h + h + 2 - 7*h**2 - h**3 - 1. Let x be v(-7). What are the prime factors of (-1 - 57/x)*2?
17
Let g = 11 - 15. Let h = -1 - g. Suppose h*i = -i + 28. What are the prime factors of i?
7
Let f(y) = y**3 + y**2 - 8*y + 16. What are the prime factors of f(5)?
2, 3, 7
Let c(k) = 1632*k - 289. Let i(t) = -34*t + 6. Let r(b) = -6*c(b) - 289*i(b). Let w be r(1). Let f = w - 24. List the prime factors of f.
2, 5
Let t(j) = 6*j - 14. Let n(l) = -4*l + 9. Let p(z) = 8*n(z) + 5*t(z). What are the prime factors of p(-6)?
2, 7
Let v be 0/((6/3)/(-1)). Let u = v - -10. Suppose -y - u = -5*t, -6*y = -3*t - 2*y + 6. List the prime factors of t.
2
Let u be 2 + 3 + -15 + -1. Let g(m) = m**3 + 12*m**2 + 7*m - 13. What are the prime factors of g(u)?
31
Let a(z) be the second derivative of -z**4/12 - 3*z**3/2 + z. Let t(s) = s**3 + s + 2. Let n be t(-2). List the prime factors of a(n).
2
Let w = -1 - -2. Let b(n) = 2*n**3 - n + 1. What are the prime factors of b(w)?
2
Let b be 33/9 + 4/(-6). Suppose -5*p = -b*p - 6. Suppose -3*a + 27 = p. What are the prime factors of a?
2
Suppose 3*u + 3*j = 114, -u + 2